
Does 13 divide 377108?
False
Is 421 a factor of 9367671?
True
Is 2314 a multiple of 178?
True
Is 6 a factor of 162024?
True
Is 83 a factor of 663096?
False
Does 30 divide 2718688?
False
Does 33 divide 581526?
True
Does 5 divide 5166?
False
Is 203388 a multiple of 42?
False
Does 57 divide 31464?
True
Does 542 divide 15052424?
True
Does 544 divide 904672?
True
Does 24 divide 94773?
False
Is 10 a factor of 523232?
False
Does 204 divide 2740944?
True
Is 247 a factor of 3860667?
False
Is 95 a factor of 199310?
True
Is 265900 a multiple of 13?
False
Is 342947 a multiple of 65?
False
Is 289 a factor of 622739?
False
Is 608475 a multiple of 427?
True
Is 785751 a multiple of 8?
False
Is 16 a factor of 188480?
True
Is 213421 a multiple of 235?
False
Is 204 a factor of 406980?
True
Does 426 divide 437033?
False
Does 4 divide 1315161?
False
Is 75 a factor of 92250?
True
Does 12 divide 3392820?
True
Is 5530408 a multiple of 65?
False
Is 81579 a multiple of 213?
True
Does 40 divide 2242566?
False
Is 17 a factor of 7036791?
False
Is 9 a factor of 144099?
True
Does 120 divide 204960?
True
Is 91 a factor of 8645?
True
Does 8 divide 106168?
True
Is 34 a factor of 10778?
True
Is 249 a factor of 964885?
False
Does 663 divide 99450?
True
Is 120310 a multiple of 29?
False
Is 4 a factor of 12256?
True
Is 2920425 a multiple of 25?
True
Is 467165 a multiple of 31?
False
Is 9159167 a multiple of 90?
False
Is 4499661 a multiple of 466?
False
Is 7 a factor of 1407931?
True
Does 471 divide 178698?
False
Is 382999 a multiple of 10?
False
Is 287 a factor of 268181?
False
Does 456 divide 341161?
False
Is 1290147 a multiple of 51?
True
Is 20258 a multiple of 5?
False
Is 27 a factor of 6511115?
False
Does 147 divide 572418?
True
Is 444850 a multiple of 104?
False
Is 330741 a multiple of 10?
False
Does 42 divide 308406?
True
Is 4574910 a multiple of 10?
True
Is 13556670 a multiple of 1150?
False
Is 22130 a multiple of 13?
False
Does 536 divide 865640?
True
Is 213920 a multiple of 434?
False
Is 232356 a multiple of 67?
True
Is 59 a factor of 1718382?
False
Is 34641 a multiple of 5?
False
Is 3 a factor of 148221?
True
Is 96 a factor of 180192?
True
Does 18 divide 119484?
True
Does 18 divide 8449371?
False
Is 21 a factor of 5126348?
False
Is 12 a factor of 405569?
False
Is 1891484 a multiple of 401?
False
Is 931594 a multiple of 234?
False
Does 7 divide 1944200?
False
Is 11 a factor of 186805?
False
Does 142 divide 1083744?
True
Is 28 a factor of 2679880?
True
Is 100 a factor of 6495836?
False
Is 533 a factor of 3471429?
True
Is 323 a factor of 1470452?
False
Is 177 a factor of 351345?
True
Does 11 divide 1050225?
True
Does 108 divide 11104884?
True
Is 159669 a multiple of 113?
True
Is 1032 a factor of 9173448?
True
Is 61 a factor of 1536273?
False
Is 228673 a multiple of 24?
False
Does 4 divide 283123?
False
Does 34 divide 91562?
True
Does 11 divide 493041?
False
Does 77 divide 2679?
False
Is 16 a factor of 190596?
False
Is 21 a factor of 604382?
False
Does 61 divide 127998?
False
Does 207 divide 1011050?
False
Is 170 a factor of 914032?
False
Is 827864 a multiple of 3?
False
Is 56 a factor of 218670?
False
Is 552658 a multiple of 274?
True
Does 47 divide 470047?
True
Is 55 a factor of 535168?
False
Is 4852744 a multiple of 19?
False
Is 1084 a factor of 4505891?
False
Is 2178508 a multiple of 7?
False
Does 7 divide 149777?
False
Does 37 divide 11914?
True
Does 1394 divide 1959003?
False
Is 104004 a multiple of 162?
True
Does 20 divide 206720?
True
Is 99225 a multiple of 245?
True
Is 170 a factor of 106550?
False
Is 4 a factor of 5163500?
True
Is 450778 a multiple of 257?
True
Is 142324 a multiple of 46?
True
Does 28 divide 119308?
True
Does 21 divide 113589?
True
Is 517951 a multiple of 61?
True
Does 68 divide 948821?
False
Is 472503 a multiple of 3?
True
Is 267 a factor of 5240501?
False
Does 130 divide 231530?
True
Is 83 a factor of 363331?
False
Is 6 a factor of 437380?
False
Does 36 divide 771626?
False
Is 100 a factor of 1842800?
True
Is 126 a factor of 2143008?
True
Does 149 divide 78023?
False
Is 159184 a multiple of 175?
False
Does 4 divide 30737?
False
Does 64 divide 2207808?
True
Does 150 divide 4803438?
False
Does 550 divide 10863028?
False
Is 608 a factor of 18370971?
False
Does 20 divide 4731280?
True
Is 131681 a multiple of 11?
True
Does 331 divide 379326?
True
Does 4 divide 641708?
True
Is 144 a factor of 156841?
False
Is 37 a factor of 819198?
False
Is 1487696 a multiple of 294?
False
Is 61 a factor of 166652?
True
Does 275 divide 1491325?
True
Is 99992 a multiple of 7?
False
Does 656 divide 651332?
False
Does 24 divide 13128?
True
Does 219 divide 985062?
True
Is 3352559 a multiple of 19?
False
Is 3 a factor of 45925?
False
Does 16 divide 97323?
False
Is 19 a factor of 21476971?
False
Is 30 a factor of 893185?
False
Does 8 divide 6561?
False
Is 43 a factor of 21828477?
True
Does 15 divide 218325?
True
Does 54 divide 12641022?
True
Is 1200463 a multiple of 11?
True
Is 58382 a multiple of 2?
True
Does 1544 divide 234171?
False
Is 1378500 a multiple of 20?
True
Is 86 a factor of 2139531?
False
Is 1968363 a multiple of 69?
True
Is 406 a factor of 5788550?
False
Is 3721558 a multiple of 202?
False
Is 1225158 a multiple of 3?
True
Is 2096478 a multiple of 79?
False
Does 39 divide 77057?
False
Does 135 divide 29970?
True
Is 679859 a multiple of 510?
False
Is 224 a factor of 5614324?
False
Is 883 a factor of 4276906?
False
Is 1016 a factor of 12442952?
True
Is 372 a factor of 38908022?
False
Is 6 a factor of 2656278?
True
Does 4 divide 69733?
False
Is 94248 a multiple of 396?
True
Is 2 a factor of 65829?
False
Is 55 a factor of 682787?
False
Does 613 divide 7685794?
True
Is 35960 a multiple of 145?
True
Does 13 divide 101738?
True
Is 53009 a multiple of 61?
True
Is 76713 a multiple of 281?
True
Does 85 divide 288575?
True
Is 17 a factor of 1623245?
True
Is 5404802 a multiple of 205?
False
Does 4 divide 176164?
True
Is 5 a factor of 139619?
False
Is 354 a factor of 185142?
True
Does 14 divide 9299558?
False
Is 39 a factor of 40521?
True
Does 176 divide 993344?
True
Is 8058 a multiple of 9?
False
Is 7 a factor of 142040?
False
Is 59 a factor of 243527?
False
Is 97 a factor of 3509314?
False
Is 318903 a multiple of 12?
False
Is 165 a factor of 10908667?
False
Does 524 divide 997946?
False
Does 30 divide 30029165?
False
Is 111 a factor of 740209?
False
Does 462 divide 2466156?
True
Does 512 divide 842196?
False
Is 18196 a multiple of 291?
False
Is 2292732 a multiple of 45?
False
Is 18195 a multiple of 15?
True
Does 613 divide 4303260?
True
Is 570 a factor of 2087561?
False
Is 19 a factor of 46443?
False
Is 1497008 a multiple of 72?
False
Does 61 divide 1981099?
False
Is 415424 a multiple of 20?
False
Does 379 divide 3991599?
False
Does 677 divide 219348?
True
Is 5 a factor of 1224575?
True
Does 224 divide 412832?
True
Does 17 divide 40647?
True
Is 70 a factor of 637980?
True
Does 715 divide 3563560?
True
Is 37 a factor of 199505?
False
Does 125 divide 459500?
True
Does 51 divide 965072?
False
Does 45 divide 5011920?
True
Does 1469 divide 19604094?
False
Is 8 a factor of 7240052?
False
Does 244 divide 71004?
True
Is 93316 a multiple of 11?
False
Does 10 divide 867370?
True
Is 339191 a multiple of 216?
False
Is 10882140 a multiple of 1005?
True
Does 105 divide 7112455?
False
Is 239105 a multiple of 29?
True
Is 583909 a multiple of 132?
False
Is 252 a factor of 1069983?
False
Is 362 a factor of 193308?
True
Is 22 a factor of 8776685?
False
Does 57 divide 25851?
False
Is 721452 a multiple of 118?
True
Does 54 divide 9540?
False
Does 11 divide 655623?
False
Is 183150 a multiple of 172?
False
Is 121 a factor of 168795?
True
Is 8 a factor of 2818152?
True
Does 7 divide 781816?
True
Is 77 a factor of 1766263?
False
Does 10 divide 9683930?
True
Is 8240 a multiple of 3?
False
Is 1529765 a multiple of 3?
False
Does 1185 divide 22366871?
False
Is 226746 a multiple of 41?
False
Does 75 divide 3483363?
False
Is 186938 a multiple of 151?
True
Is 5641156 a multiple of 10?
False
Is 15 a factor of 235309?
False
Is 525 a factor of 525?
True
Is 13945627 a multiple of 21?
False
Is 5371276 a multiple of 17?
False
Is 112336 a multiple of 28?
True
Is 5529132 a multiple of 36?
True
Is 777340 a 